[INFO] cloning repository https://github.com/rickyhan/tensorscript
[INFO] running `Command { std: "git" "-c" "credential.helper=" "-c" "credential.helper=/workspace/cargo-home/bin/git-credential-null" "clone" "--bare" "https://github.com/rickyhan/tensorscript" "/workspace/cache/git-repos/https%3A%2F%2Fgithub.com%2Frickyhan%2Ftensorscript", kill_on_drop: false }`
[INFO] [stderr] Cloning into bare repository '/workspace/cache/git-repos/https%3A%2F%2Fgithub.com%2Frickyhan%2Ftensorscript'...
[INFO] running `Command { std: "git" "rev-parse" "HEAD", kill_on_drop: false }`
[INFO] [stdout] eba87592b41b974fd21dc6caa5fb766bf8fedb47
[INFO] building rickyhan/tensorscript against master#ff34b919075f35a1787659e9c448a34b06bab8de for issue-85264
[INFO] running `Command { std: "git" "clone" "/workspace/cache/git-repos/https%3A%2F%2Fgithub.com%2Frickyhan%2Ftensorscript" "/workspace/builds/worker-2/source", kill_on_drop: false }`
[INFO] [stderr] Cloning into '/workspace/builds/worker-2/source'...
[INFO] [stderr] done.
[INFO] validating manifest of git repo https://github.com/rickyhan/tensorscript on toolchain ff34b919075f35a1787659e9c448a34b06bab8de
[INFO] running `Command { std: "/workspace/cargo-home/bin/cargo" "+ff34b919075f35a1787659e9c448a34b06bab8de" "metadata" "--manifest-path" "Cargo.toml" "--no-deps", kill_on_drop: false }`
[INFO] started tweaking git repo https://github.com/rickyhan/tensorscript
[INFO] finished tweaking git repo https://github.com/rickyhan/tensorscript
[INFO] tweaked toml for git repo https://github.com/rickyhan/tensorscript written to /workspace/builds/worker-2/source/Cargo.toml
[INFO] crate git repo https://github.com/rickyhan/tensorscript already has a lockfile, it will not be regenerated
[INFO] running `Command { std: "/workspace/cargo-home/bin/cargo" "+ff34b919075f35a1787659e9c448a34b06bab8de" "fetch" "--manifest-path" "Cargo.toml", kill_on_drop: false }`
[INFO] [stderr]     Blocking waiting for file lock on package cache
[INFO] running `Command { std: "docker" "create" "-v" "/var/lib/crater-agent-workspace/builds/worker-2/target:/opt/rustwide/target:rw,Z" "-v" "/var/lib/crater-agent-workspace/builds/worker-2/source:/opt/rustwide/workdir:ro,Z" "-v" "/var/lib/crater-agent-workspace/cargo-home:/opt/rustwide/cargo-home:ro,Z" "-v" "/var/lib/crater-agent-workspace/rustup-home:/opt/rustwide/rustup-home:ro,Z" "-e" "SOURCE_DIR=/opt/rustwide/workdir" "-e" "CARGO_TARGET_DIR=/opt/rustwide/target" "-e" "CARGO_HOME=/opt/rustwide/cargo-home" "-e" "RUSTUP_HOME=/opt/rustwide/rustup-home" "-w" "/opt/rustwide/workdir" "-m" "1610612736" "--user" "0:0" "--network" "none" "ghcr.io/rust-lang/crates-build-env/linux@sha256:20528e8c29e4536546f0102ce88568b16ea7538393a33fcca951030f7af10457" "/opt/rustwide/cargo-home/bin/cargo" "+ff34b919075f35a1787659e9c448a34b06bab8de" "metadata" "--no-deps" "--format-version=1", kill_on_drop: false }`
[INFO] [stderr] WARNING: Your kernel does not support swap limit capabilities or the cgroup is not mounted. Memory limited without swap.
[INFO] [stdout] f43393201e14a65a93aa5759feba5de166fde4e627881b0308177495879b0841
[INFO] running `Command { std: "docker" "start" "-a" "f43393201e14a65a93aa5759feba5de166fde4e627881b0308177495879b0841", kill_on_drop: false }`
[INFO] running `Command { std: "docker" "inspect" "f43393201e14a65a93aa5759feba5de166fde4e627881b0308177495879b0841", kill_on_drop: false }`
[INFO] running `Command { std: "docker" "rm" "-f" "f43393201e14a65a93aa5759feba5de166fde4e627881b0308177495879b0841", kill_on_drop: false }`
[INFO] [stdout] f43393201e14a65a93aa5759feba5de166fde4e627881b0308177495879b0841
[INFO] running `Command { std: "docker" "create" "-v" "/var/lib/crater-agent-workspace/builds/worker-2/target:/opt/rustwide/target:rw,Z" "-v" "/var/lib/crater-agent-workspace/builds/worker-2/source:/opt/rustwide/workdir:ro,Z" "-v" "/var/lib/crater-agent-workspace/cargo-home:/opt/rustwide/cargo-home:ro,Z" "-v" "/var/lib/crater-agent-workspace/rustup-home:/opt/rustwide/rustup-home:ro,Z" "-e" "SOURCE_DIR=/opt/rustwide/workdir" "-e" "CARGO_TARGET_DIR=/opt/rustwide/target" "-e" "CARGO_INCREMENTAL=0" "-e" "RUST_BACKTRACE=full" "-e" "RUSTFLAGS=--cap-lints=forbid" "-e" "CARGO_HOME=/opt/rustwide/cargo-home" "-e" "RUSTUP_HOME=/opt/rustwide/rustup-home" "-w" "/opt/rustwide/workdir" "-m" "1610612736" "--user" "0:0" "--network" "none" "ghcr.io/rust-lang/crates-build-env/linux@sha256:20528e8c29e4536546f0102ce88568b16ea7538393a33fcca951030f7af10457" "/opt/rustwide/cargo-home/bin/cargo" "+ff34b919075f35a1787659e9c448a34b06bab8de" "build" "--frozen" "--message-format=json", kill_on_drop: false }`
[INFO] [stderr] WARNING: Your kernel does not support swap limit capabilities or the cgroup is not mounted. Memory limited without swap.
[INFO] [stdout] 22866a430e0d2a8f135ca14f6ab69a68f27a8969e29617c27a9150dc1de38c3c
[INFO] running `Command { std: "docker" "start" "-a" "22866a430e0d2a8f135ca14f6ab69a68f27a8969e29617c27a9150dc1de38c3c", kill_on_drop: false }`
[INFO] [stderr]    Compiling cc v1.0.15
[INFO] [stderr]    Compiling libc v0.2.40
[INFO] [stderr]    Compiling cfg-if v0.1.3
[INFO] [stderr]    Compiling rustc-demangle v0.1.8
[INFO] [stderr]    Compiling either v1.5.0
[INFO] [stderr]    Compiling bitflags v1.0.3
[INFO] [stderr]    Compiling pest v1.0.6
[INFO] [stderr]    Compiling termcolor v0.3.6
[INFO] [stderr]    Compiling vec_map v0.8.1
[INFO] [stderr]    Compiling maplit v1.0.1
[INFO] [stderr]    Compiling synstructure v0.6.1
[INFO] [stderr]    Compiling trsc_core_derive v0.1.0 (/opt/rustwide/workdir/trsc_core_derive)
[INFO] [stdout] warning: `...` range patterns are deprecated
[INFO] [stdout]    --> trsc_core_derive/src/parser.rs:151:16
[INFO] [stdout]     |
[INFO] [stdout] 151 |             'A'...'z' => {
[INFO] [stdout]     |                ^^^ help: use `..=` for an inclusive range
[INFO] [stdout]     |
[INFO] [stdout]     = note: `#[warn(ellipsis_inclusive_range_patterns)]` on by default
[INFO] [stdout]     = warning: this was previously accepted by the compiler but is being phased out; it will become a hard error in the 2021 edition!
[INFO] [stdout]     = note: for more information, see issue #80165 <https://github.com/rust-lang/rust/issues/80165>
[INFO] [stdout] 
[INFO] [stdout] 
[INFO] [stderr]    Compiling itertools v0.7.8
[INFO] [stdout] warning: function is never used: `get_op_name`
[INFO] [stdout]   --> trsc_core_derive/src/attrs.rs:30:8
[INFO] [stdout]    |
[INFO] [stdout] 30 | pub fn get_op_name(attrs: &[syn::Attribute]) -> Option<&str> {
[INFO] [stdout]    |        ^^^^^^^^^^^
[INFO] [stdout]    |
[INFO] [stdout]    = note: `#[warn(dead_code)]` on by default
[INFO] [stdout] 
[INFO] [stdout] 
[INFO] [stderr]    Compiling pest_derive v1.0.7
[INFO] [stderr]    Compiling atty v0.2.10
[INFO] [stderr]    Compiling failure_derive v0.1.1
[INFO] [stderr]    Compiling clap v2.31.2
[INFO] [stderr]    Compiling backtrace-sys v0.1.16
[INFO] [stdout] warning: 2 warnings emitted
[INFO] [stdout] 
[INFO] [stdout] 
[INFO] [stderr]    Compiling backtrace v0.3.7
[INFO] [stderr]    Compiling failure v0.1.1
[INFO] [stderr]    Compiling codespan v0.1.2
[INFO] [stderr]    Compiling codespan-reporting v0.1.3
[INFO] [stderr]    Compiling trsc v0.1.0 (/opt/rustwide/workdir/trsc)
[INFO] [stdout] error[E0557]: feature has been removed
[INFO] [stdout]  --> trsc/src/main.rs:5:12
[INFO] [stdout]   |
[INFO] [stdout] 5 | #![feature(custom_attribute)]
[INFO] [stdout]   |            ^^^^^^^^^^^^^^^^ feature has been removed
[INFO] [stdout]   |
[INFO] [stdout]   = note: removed in favor of `#![register_tool]` and `#![register_attr]`
[INFO] [stdout] 
[INFO] [stdout] 
[INFO] [stdout] error[E0659]: `path` is ambiguous (built-in attribute vs any other name)
[INFO] [stdout]    --> trsc/src/core/nonlin.rs:179:3
[INFO] [stdout]     |
[INFO] [stdout] 179 | #[path = "nonlin"]
[INFO] [stdout]     |   ^^^^ ambiguous name
[INFO] [stdout]     |
[INFO] [stdout]     = note: `path` could refer to a built-in attribute
[INFO] [stdout] note: `path` could also refer to the derive helper attribute defined here
[INFO] [stdout]    --> trsc/src/core/nonlin.rs:178:17
[INFO] [stdout]     |
[INFO] [stdout] 178 | #[derive(Debug, Op)]
[INFO] [stdout]     |                 ^^
[INFO] [stdout] 
[INFO] [stdout] 
[INFO] [stdout] error[E0659]: `path` is ambiguous (built-in attribute vs any other name)
[INFO] [stdout]    --> trsc/src/core/nonlin.rs:137:3
[INFO] [stdout]     |
[INFO] [stdout] 137 | #[path = "nonlin"]
[INFO] [stdout]     |   ^^^^ ambiguous name
[INFO] [stdout]     |
[INFO] [stdout]     = note: `path` could refer to a built-in attribute
[INFO] [stdout] note: `path` could also refer to the derive helper attribute defined here
[INFO] [stdout]    --> trsc/src/core/nonlin.rs:136:17
[INFO] [stdout]     |
[INFO] [stdout] 136 | #[derive(Debug, Op)]
[INFO] [stdout]     |                 ^^
[INFO] [stdout] 
[INFO] [stdout] 
[INFO] [stdout] error[E0659]: `path` is ambiguous (built-in attribute vs any other name)
[INFO] [stdout]   --> trsc/src/core/nonlin.rs:95:3
[INFO] [stdout]    |
[INFO] [stdout] 95 | #[path = "nonlin"]
[INFO] [stdout]    |   ^^^^ ambiguous name
[INFO] [stdout]    |
[INFO] [stdout]    = note: `path` could refer to a built-in attribute
[INFO] [stdout] note: `path` could also refer to the derive helper attribute defined here
[INFO] [stdout]   --> trsc/src/core/nonlin.rs:94:17
[INFO] [stdout]    |
[INFO] [stdout] 94 | #[derive(Debug, Op)]
[INFO] [stdout]    |                 ^^
[INFO] [stdout] 
[INFO] [stdout] 
[INFO] [stdout] error[E0659]: `path` is ambiguous (built-in attribute vs any other name)
[INFO] [stdout]   --> trsc/src/core/nonlin.rs:53:3
[INFO] [stdout]    |
[INFO] [stdout] 53 | #[path = "nonlin"]
[INFO] [stdout]    |   ^^^^ ambiguous name
[INFO] [stdout]    |
[INFO] [stdout]    = note: `path` could refer to a built-in attribute
[INFO] [stdout] note: `path` could also refer to the derive helper attribute defined here
[INFO] [stdout]   --> trsc/src/core/nonlin.rs:52:17
[INFO] [stdout]    |
[INFO] [stdout] 52 | #[derive(Debug, Op)]
[INFO] [stdout]    |                 ^^
[INFO] [stdout] 
[INFO] [stdout] 
[INFO] [stdout] error[E0659]: `path` is ambiguous (built-in attribute vs any other name)
[INFO] [stdout]   --> trsc/src/core/nonlin.rs:11:3
[INFO] [stdout]    |
[INFO] [stdout] 11 | #[path = "nonlin"]
[INFO] [stdout]    |   ^^^^ ambiguous name
[INFO] [stdout]    |
[INFO] [stdout]    = note: `path` could refer to a built-in attribute
[INFO] [stdout] note: `path` could also refer to the derive helper attribute defined here
[INFO] [stdout]   --> trsc/src/core/nonlin.rs:10:17
[INFO] [stdout]    |
[INFO] [stdout] 10 | #[derive(Debug, Op)]
[INFO] [stdout]    |                 ^^
[INFO] [stdout] 
[INFO] [stdout] 
[INFO] [stdout] error[E0659]: `path` is ambiguous (built-in attribute vs any other name)
[INFO] [stdout]   --> trsc/src/core/reg.rs:61:3
[INFO] [stdout]    |
[INFO] [stdout] 61 | #[path = "reg"]
[INFO] [stdout]    |   ^^^^ ambiguous name
[INFO] [stdout]    |
[INFO] [stdout]    = note: `path` could refer to a built-in attribute
[INFO] [stdout] note: `path` could also refer to the derive helper attribute defined here
[INFO] [stdout]   --> trsc/src/core/reg.rs:60:17
[INFO] [stdout]    |
[INFO] [stdout] 60 | #[derive(Debug, Op)]
[INFO] [stdout]    |                 ^^
[INFO] [stdout] 
[INFO] [stdout] 
[INFO] [stdout] error[E0659]: `path` is ambiguous (built-in attribute vs any other name)
[INFO] [stdout]   --> trsc/src/core/reg.rs:10:3
[INFO] [stdout]    |
[INFO] [stdout] 10 | #[path = "reg"]
[INFO] [stdout]    |   ^^^^ ambiguous name
[INFO] [stdout]    |
[INFO] [stdout]    = note: `path` could refer to a built-in attribute
[INFO] [stdout] note: `path` could also refer to the derive helper attribute defined here
[INFO] [stdout]   --> trsc/src/core/reg.rs:9:17
[INFO] [stdout]    |
[INFO] [stdout] 9  | #[derive(Debug, Op)]
[INFO] [stdout]    |                 ^^
[INFO] [stdout] 
[INFO] [stdout] 
[INFO] [stdout] error[E0659]: `path` is ambiguous (built-in attribute vs any other name)
[INFO] [stdout]  --> trsc/src/core/lin.rs:9:3
[INFO] [stdout]   |
[INFO] [stdout] 9 | #[path = "lin"]
[INFO] [stdout]   |   ^^^^ ambiguous name
[INFO] [stdout]   |
[INFO] [stdout]   = note: `path` could refer to a built-in attribute
[INFO] [stdout] note: `path` could also refer to the derive helper attribute defined here
[INFO] [stdout]  --> trsc/src/core/lin.rs:8:17
[INFO] [stdout]   |
[INFO] [stdout] 8 | #[derive(Debug, Op)]
[INFO] [stdout]   |                 ^^
[INFO] [stdout] 
[INFO] [stdout] 
[INFO] [stdout] error[E0659]: `path` is ambiguous (built-in attribute vs any other name)
[INFO] [stdout]    --> trsc/src/core/conv.rs:148:3
[INFO] [stdout]     |
[INFO] [stdout] 148 | #[path = "conv"]
[INFO] [stdout]     |   ^^^^ ambiguous name
[INFO] [stdout]     |
[INFO] [stdout]     = note: `path` could refer to a built-in attribute
[INFO] [stdout] note: `path` could also refer to the derive helper attribute defined here
[INFO] [stdout]    --> trsc/src/core/conv.rs:147:17
[INFO] [stdout]     |
[INFO] [stdout] 147 | #[derive(Debug, Op)]
[INFO] [stdout]     |                 ^^
[INFO] [stdout] 
[INFO] [stdout] 
[INFO] [stdout] error[E0659]: `path` is ambiguous (built-in attribute vs any other name)
[INFO] [stdout]   --> trsc/src/core/conv.rs:38:3
[INFO] [stdout]    |
[INFO] [stdout] 38 | #[path = "conv"]
[INFO] [stdout]    |   ^^^^ ambiguous name
[INFO] [stdout]    |
[INFO] [stdout]    = note: `path` could refer to a built-in attribute
[INFO] [stdout] note: `path` could also refer to the derive helper attribute defined here
[INFO] [stdout]   --> trsc/src/core/conv.rs:37:17
[INFO] [stdout]    |
[INFO] [stdout] 37 | #[derive(Debug, Op)]
[INFO] [stdout]    |                 ^^
[INFO] [stdout] 
[INFO] [stdout] 
[INFO] [stdout] error[E0659]: `path` is ambiguous (built-in attribute vs any other name)
[INFO] [stdout]  --> trsc/src/core/prelude.rs:9:3
[INFO] [stdout]   |
[INFO] [stdout] 9 | #[path = "prelude"]
[INFO] [stdout]   |   ^^^^ ambiguous name
[INFO] [stdout]   |
[INFO] [stdout]   = note: `path` could refer to a built-in attribute
[INFO] [stdout] note: `path` could also refer to the derive helper attribute defined here
[INFO] [stdout]  --> trsc/src/core/prelude.rs:8:17
[INFO] [stdout]   |
[INFO] [stdout] 8 | #[derive(Debug, Op)]
[INFO] [stdout]   |                 ^^
[INFO] [stdout] 
[INFO] [stdout] 
[INFO] [stdout] warning: unused macro definition
[INFO] [stdout]    --> trsc/src/typing/types.rs:362:1
[INFO] [stdout]     |
[INFO] [stdout] 362 | / macro_rules! tuple {
[INFO] [stdout] 363 | |     (int 2) => {
[INFO] [stdout] 364 | |         Type::Tuple(vec![int!(), int!()], CSpan::fresh_span())
[INFO] [stdout] 365 | |     };
[INFO] [stdout] 366 | | }
[INFO] [stdout]     | |_^
[INFO] [stdout]     |
[INFO] [stdout]     = note: `#[warn(unused_macros)]` on by default
[INFO] [stdout] 
[INFO] [stdout] 
[INFO] [stdout] warning: unused import: `self::Type::*`
[INFO] [stdout]  --> trsc/src/core/nonlin.rs:1:5
[INFO] [stdout]   |
[INFO] [stdout] 1 | use self::Type::*;
[INFO] [stdout]   |     ^^^^^^^^^^^^^
[INFO] [stdout]   |
[INFO] [stdout]   = note: `#[warn(unused_imports)]` on by default
[INFO] [stdout] 
[INFO] [stdout] 
[INFO] [stdout] warning: trait objects without an explicit `dyn` are deprecated
[INFO] [stdout]   --> trsc/src/core/mod.rs:45:59
[INFO] [stdout]    |
[INFO] [stdout] 45 |     maps: HashMap<&'static str, HashMap<&'static str, Box<Op>>>,
[INFO] [stdout]    |                                                           ^^ help: use `dyn`: `dyn Op`
[INFO] [stdout]    |
[INFO] [stdout]    = note: `#[warn(bare_trait_objects)]` on by default
[INFO] [stdout]    = warning: this was previously accepted by the compiler but is being phased out; it will become a hard error in the 2021 edition!
[INFO] [stdout]    = note: for more information, see issue #80165 <https://github.com/rust-lang/rust/issues/80165>
[INFO] [stdout] 
[INFO] [stdout] 
[INFO] [stdout] warning: trait objects without an explicit `dyn` are deprecated
[INFO] [stdout]   --> trsc/src/core/mod.rs:54:59
[INFO] [stdout]    |
[INFO] [stdout] 54 |                 "Conv2d" => box self::conv::Conv2d as Box<Op>,
[INFO] [stdout]    |                                                           ^^ help: use `dyn`: `dyn Op`
[INFO] [stdout]    |
[INFO] [stdout]    = warning: this was previously accepted by the compiler but is being phased out; it will become a hard error in the 2021 edition!
[INFO] [stdout]    = note: for more information, see issue #80165 <https://github.com/rust-lang/rust/issues/80165>
[INFO] [stdout] 
[INFO] [stdout] 
[INFO] [stdout] warning: trait objects without an explicit `dyn` are deprecated
[INFO] [stdout]   --> trsc/src/core/mod.rs:55:65
[INFO] [stdout]    |
[INFO] [stdout] 55 |                 "maxpool2d" => box self::conv::maxpool2d as Box<Op>,
[INFO] [stdout]    |                                                                 ^^ help: use `dyn`: `dyn Op`
[INFO] [stdout]    |
[INFO] [stdout]    = warning: this was previously accepted by the compiler but is being phased out; it will become a hard error in the 2021 edition!
[INFO] [stdout]    = note: for more information, see issue #80165 <https://github.com/rust-lang/rust/issues/80165>
[INFO] [stdout] 
[INFO] [stdout] 
[INFO] [stdout] warning: trait objects without an explicit `dyn` are deprecated
[INFO] [stdout]   --> trsc/src/core/mod.rs:58:57
[INFO] [stdout]    |
[INFO] [stdout] 58 |                 "relu" => box self::nonlin::relu as Box<Op>,
[INFO] [stdout]    |                                                         ^^ help: use `dyn`: `dyn Op`
[INFO] [stdout]    |
[INFO] [stdout]    = warning: this was previously accepted by the compiler but is being phased out; it will become a hard error in the 2021 edition!
[INFO] [stdout]    = note: for more information, see issue #80165 <https://github.com/rust-lang/rust/issues/80165>
[INFO] [stdout] 
[INFO] [stdout] 
[INFO] [stdout] warning: trait objects without an explicit `dyn` are deprecated
[INFO] [stdout]   --> trsc/src/core/mod.rs:59:57
[INFO] [stdout]    |
[INFO] [stdout] 59 |                 "tanh" => box self::nonlin::tanh as Box<Op>,
[INFO] [stdout]    |                                                         ^^ help: use `dyn`: `dyn Op`
[INFO] [stdout]    |
[INFO] [stdout]    = warning: this was previously accepted by the compiler but is being phased out; it will become a hard error in the 2021 edition!
[INFO] [stdout]    = note: for more information, see issue #80165 <https://github.com/rust-lang/rust/issues/80165>
[INFO] [stdout] 
[INFO] [stdout] 
[INFO] [stdout] warning: trait objects without an explicit `dyn` are deprecated
[INFO] [stdout]   --> trsc/src/core/mod.rs:60:69
[INFO] [stdout]    |
[INFO] [stdout] 60 |                 "leaky_relu" => box self::nonlin::leaky_relu as Box<Op>,
[INFO] [stdout]    |                                                                     ^^ help: use `dyn`: `dyn Op`
[INFO] [stdout]    |
[INFO] [stdout]    = warning: this was previously accepted by the compiler but is being phased out; it will become a hard error in the 2021 edition!
[INFO] [stdout]    = note: for more information, see issue #80165 <https://github.com/rust-lang/rust/issues/80165>
[INFO] [stdout] 
[INFO] [stdout] 
[INFO] [stdout] warning: trait objects without an explicit `dyn` are deprecated
[INFO] [stdout]   --> trsc/src/core/mod.rs:61:71
[INFO] [stdout]    |
[INFO] [stdout] 61 |                 "log_softmax" => box self::nonlin::log_softmax as Box<Op>,
[INFO] [stdout]    |                                                                       ^^ help: use `dyn`: `dyn Op`
[INFO] [stdout]    |
[INFO] [stdout]    = warning: this was previously accepted by the compiler but is being phased out; it will become a hard error in the 2021 edition!
[INFO] [stdout]    = note: for more information, see issue #80165 <https://github.com/rust-lang/rust/issues/80165>
[INFO] [stdout] 
[INFO] [stdout] 
[INFO] [stdout] warning: trait objects without an explicit `dyn` are deprecated
[INFO] [stdout]   --> trsc/src/core/mod.rs:62:63
[INFO] [stdout]    |
[INFO] [stdout] 62 |                 "sigmoid" => box self::nonlin::sigmoid as Box<Op>,
[INFO] [stdout]    |                                                               ^^ help: use `dyn`: `dyn Op`
[INFO] [stdout]    |
[INFO] [stdout]    = warning: this was previously accepted by the compiler but is being phased out; it will become a hard error in the 2021 edition!
[INFO] [stdout]    = note: for more information, see issue #80165 <https://github.com/rust-lang/rust/issues/80165>
[INFO] [stdout] 
[INFO] [stdout] 
[INFO] [stdout] warning: trait objects without an explicit `dyn` are deprecated
[INFO] [stdout]   --> trsc/src/core/mod.rs:65:58
[INFO] [stdout]    |
[INFO] [stdout] 65 |                 "Linear" => box self::lin::Linear as Box<Op>,
[INFO] [stdout]    |                                                          ^^ help: use `dyn`: `dyn Op`
[INFO] [stdout]    |
[INFO] [stdout]    = warning: this was previously accepted by the compiler but is being phased out; it will become a hard error in the 2021 edition!
[INFO] [stdout]    = note: for more information, see issue #80165 <https://github.com/rust-lang/rust/issues/80165>
[INFO] [stdout] 
[INFO] [stdout] 
[INFO] [stdout] warning: trait objects without an explicit `dyn` are deprecated
[INFO] [stdout]   --> trsc/src/core/mod.rs:68:58
[INFO] [stdout]    |
[INFO] [stdout] 68 |                 "view" => box self::prelude::view as Box<Op>,
[INFO] [stdout]    |                                                          ^^ help: use `dyn`: `dyn Op`
[INFO] [stdout]    |
[INFO] [stdout]    = warning: this was previously accepted by the compiler but is being phased out; it will become a hard error in the 2021 edition!
[INFO] [stdout]    = note: for more information, see issue #80165 <https://github.com/rust-lang/rust/issues/80165>
[INFO] [stdout] 
[INFO] [stdout] 
[INFO] [stdout] warning: trait objects without an explicit `dyn` are deprecated
[INFO] [stdout]   --> trsc/src/core/mod.rs:71:64
[INFO] [stdout]    |
[INFO] [stdout] 71 |                 "Dropout2d" => box self::reg::Dropout2d as Box<Op>,
[INFO] [stdout]    |                                                                ^^ help: use `dyn`: `dyn Op`
[INFO] [stdout]    |
[INFO] [stdout]    = warning: this was previously accepted by the compiler but is being phased out; it will become a hard error in the 2021 edition!
[INFO] [stdout]    = note: for more information, see issue #80165 <https://github.com/rust-lang/rust/issues/80165>
[INFO] [stdout] 
[INFO] [stdout] 
[INFO] [stdout] warning: trait objects without an explicit `dyn` are deprecated
[INFO] [stdout]   --> trsc/src/core/mod.rs:72:68
[INFO] [stdout]    |
[INFO] [stdout] 72 |                 "BatchNorm1d" => box self::reg::BatchNorm1d as Box<Op>,
[INFO] [stdout]    |                                                                    ^^ help: use `dyn`: `dyn Op`
[INFO] [stdout]    |
[INFO] [stdout]    = warning: this was previously accepted by the compiler but is being phased out; it will become a hard error in the 2021 edition!
[INFO] [stdout]    = note: for more information, see issue #80165 <https://github.com/rust-lang/rust/issues/80165>
[INFO] [stdout] 
[INFO] [stdout] 
[INFO] [stdout] warning: trait objects without an explicit `dyn` are deprecated
[INFO] [stdout]   --> trsc/src/core/mod.rs:84:72
[INFO] [stdout]    |
[INFO] [stdout] 84 |     pub fn find(&self, path_name: &str, mod_name: &str) -> Option<&Box<Op>> {
[INFO] [stdout]    |                                                                        ^^ help: use `dyn`: `dyn Op`
[INFO] [stdout]    |
[INFO] [stdout]    = warning: this was previously accepted by the compiler but is being phased out; it will become a hard error in the 2021 edition!
[INFO] [stdout]    = note: for more information, see issue #80165 <https://github.com/rust-lang/rust/issues/80165>
[INFO] [stdout] 
[INFO] [stdout] 
[INFO] [stdout] warning: trait objects without an explicit `dyn` are deprecated
[INFO] [stdout]   --> trsc/src/core/mod.rs:89:58
[INFO] [stdout]    |
[INFO] [stdout] 89 |     pub fn find_mod(&self, mod_name:&str) -> Option<&Box<Op>> {
[INFO] [stdout]    |                                                          ^^ help: use `dyn`: `dyn Op`
[INFO] [stdout]    |
[INFO] [stdout]    = warning: this was previously accepted by the compiler but is being phased out; it will become a hard error in the 2021 edition!
[INFO] [stdout]    = note: for more information, see issue #80165 <https://github.com/rust-lang/rust/issues/80165>
[INFO] [stdout] 
[INFO] [stdout] 
[INFO] [stdout] warning: unused import: `typing::Type`
[INFO] [stdout]   --> trsc/src/main.rs:74:5
[INFO] [stdout]    |
[INFO] [stdout] 74 | use typing::Type;
[INFO] [stdout]    |     ^^^^^^^^^^^^
[INFO] [stdout] 
[INFO] [stdout] 
[INFO] [stdout] warning: unnecessary trailing semicolon
[INFO] [stdout]    --> trsc/src/main.rs:142:50
[INFO] [stdout]     |
[INFO] [stdout] 142 |     let mut last_ast = subs(&ast, &mut last_sub);;
[INFO] [stdout]     |                                                  ^ help: remove this semicolon
[INFO] [stdout]     |
[INFO] [stdout]     = note: `#[warn(redundant_semicolons)]` on by default
[INFO] [stdout] 
[INFO] [stdout] 
[INFO] [stdout] error: aborting due to 12 previous errors; 18 warnings emitted
[INFO] [stdout] 
[INFO] [stdout] 
[INFO] [stdout] Some errors have detailed explanations: E0557, E0659.
[INFO] [stdout] 
[INFO] [stdout] For more information about an error, try `rustc --explain E0557`.
[INFO] [stdout] 
[INFO] [stderr] error: could not compile `trsc`
[INFO] [stderr] 
[INFO] [stderr] To learn more, run the command again with --verbose.
[INFO] running `Command { std: "docker" "inspect" "22866a430e0d2a8f135ca14f6ab69a68f27a8969e29617c27a9150dc1de38c3c", kill_on_drop: false }`
[INFO] running `Command { std: "docker" "rm" "-f" "22866a430e0d2a8f135ca14f6ab69a68f27a8969e29617c27a9150dc1de38c3c", kill_on_drop: false }`
[INFO] [stdout] 22866a430e0d2a8f135ca14f6ab69a68f27a8969e29617c27a9150dc1de38c3c
